CRAN Package Check Results for Package calibrate

Last updated on 2020-10-25 12:47:00 CET.

Flavor Version Tinstall Tcheck Ttotal Status Flags
r-devel-linux-x86_64-debian-clang 1.7.7 3.18 32.42 35.60 OK
r-devel-linux-x86_64-debian-gcc 1.7.7 2.42 25.34 27.76 OK
r-devel-linux-x86_64-fedora-clang 1.7.7 51.91 OK
r-devel-linux-x86_64-fedora-gcc 1.7.7 42.16 OK
r-devel-windows-ix86+x86_64 1.7.7 6.00 60.00 66.00 OK
r-patched-linux-x86_64 1.7.7 3.20 31.27 34.47 OK
r-patched-solaris-x86 1.7.7 60.40 OK
r-release-linux-x86_64 1.7.7 3.21 30.86 34.07 OK
r-release-macos-x86_64 1.7.7 OK
r-release-windows-ix86+x86_64 1.7.7 4.00 42.00 46.00 OK
r-oldrel-macos-x86_64 1.7.7 NOTE
r-oldrel-windows-ix86+x86_64 1.7.7 5.00 40.00 45.00 NOTE

Check Details

Version: 1.7.7
Check: R code for possible problems
Result: NOTE
    bplot: no visible global function definition for ‘plot’
    Undefined global functions or variables:
     plot
    Consider adding
     importFrom("graphics", "plot")
    to your NAMESPACE file.
Flavors: r-oldrel-macos-x86_64, r-oldrel-windows-ix86+x86_64