CRAN Package Check Results for Package brickr

Last updated on 2020-11-28 04:48:20 CET.

Flavor Version Tinstall Tcheck Ttotal Status Flags
r-devel-linux-x86_64-debian-clang 0.3.5 8.32 548.22 556.54 OK
r-devel-linux-x86_64-debian-gcc 0.3.5 6.64 406.67 413.31 OK
r-devel-linux-x86_64-fedora-clang 0.3.5 649.02 NOTE
r-devel-linux-x86_64-fedora-gcc 0.3.5 653.70 NOTE
r-devel-windows-ix86+x86_64 0.3.5 13.00 629.00 642.00 OK
r-patched-linux-x86_64 0.3.5 7.79 563.03 570.82 OK
r-patched-solaris-x86 0.3.5 847.60 NOTE
r-release-linux-x86_64 0.3.5 7.92 573.82 581.74 OK
r-release-macos-x86_64 0.3.5 NOTE
r-release-windows-ix86+x86_64 0.3.5 10.00 497.00 507.00 OK
r-oldrel-macos-x86_64 0.3.5 NOTE
r-oldrel-windows-ix86+x86_64 0.3.5 9.00 664.00 673.00 OK

Check Details

Version: 0.3.5
Check: dependencies in R code
Result: NOTE
    Namespace in Imports field not imported from: ‘scales’
     All declared Imports should be used.
Flavors: r-devel-linux-x86_64-fedora-clang, r-devel-linux-x86_64-fedora-gcc, r-patched-solaris-x86, r-release-macos-x86_64, r-oldrel-macos-x86_64