CRAN Package Check Results for Package alineR

Last updated on 2020-01-25 09:50:00 CET.

Flavor Version Tinstall Tcheck Ttotal Status Flags
r-devel-linux-x86_64-debian-clang 1.1.4 5.59 23.64 29.23 NOTE
r-devel-linux-x86_64-debian-gcc 1.1.4 3.57 18.72 22.29 NOTE
r-devel-linux-x86_64-fedora-clang 1.1.4 38.69 NOTE
r-devel-linux-x86_64-fedora-gcc 1.1.4 35.76 NOTE
r-devel-windows-ix86+x86_64 1.1.4 32.00 43.00 75.00 OK
r-devel-windows-ix86+x86_64-gcc8 1.1.4 15.00 48.00 63.00 OK
r-patched-linux-x86_64 1.1.4 4.21 22.16 26.37 OK
r-patched-solaris-x86 1.1.4 49.80 OK
r-release-linux-x86_64 1.1.4 3.63 22.00 25.63 OK
r-release-windows-ix86+x86_64 1.1.4 13.00 62.00 75.00 OK
r-release-osx-x86_64 1.1.4 OK
r-oldrel-windows-ix86+x86_64 1.1.4 11.00 41.00 52.00 OK
r-oldrel-osx-x86_64 1.1.4 OK

Additional issues

valgrind

Check Details

Version: 1.1.4
Check: for non-standard things in the check directory
Result: NOTE
    Found the following files/directories:
     'candidate_alignments.csv' 'open.with.excel.csv'
Flavors: r-devel-linux-x86_64-debian-clang, r-devel-linux-x86_64-debian-gcc, r-devel-linux-x86_64-fedora-clang, r-devel-linux-x86_64-fedora-gcc