CRAN Package Check Results for Package Xplortext

Last updated on 2020-10-24 17:48:56 CEST.

Flavor Version Tinstall Tcheck Ttotal Status Flags
r-devel-linux-x86_64-debian-clang 1.3.2 18.40 118.14 136.54 OK
r-devel-linux-x86_64-debian-gcc 1.3.2 16.15 85.09 101.24 OK
r-devel-linux-x86_64-fedora-clang 1.3.2 166.36 NOTE
r-devel-linux-x86_64-fedora-gcc 1.3.2 157.01 NOTE
r-devel-windows-ix86+x86_64 1.3.2 33.00 131.00 164.00 OK
r-patched-linux-x86_64 1.3.2 16.19 103.93 120.12 OK
r-patched-solaris-x86 1.3.2 195.20 NOTE
r-release-linux-x86_64 1.3.2 17.06 104.10 121.16 OK
r-release-macos-x86_64 1.3.2 NOTE
r-release-windows-ix86+x86_64 1.3.2 24.00 100.00 124.00 OK
r-oldrel-macos-x86_64 1.3.2 NOTE
r-oldrel-windows-ix86+x86_64 1.3.2 32.00 124.00 156.00 OK

Check Details

Version: 1.3.2
Check: dependencies in R code
Result: NOTE
    Namespace in Imports field not imported from: ‘ggdendro’
     All declared Imports should be used.
Flavors: r-devel-linux-x86_64-fedora-clang, r-devel-linux-x86_64-fedora-gcc, r-patched-solaris-x86, r-release-macos-x86_64, r-oldrel-macos-x86_64