CRAN Package Check Results for Package SnowballC

Last updated on 2020-09-22 06:47:43 CEST.

Flavor Version Tinstall Tcheck Ttotal Status Flags
r-devel-linux-x86_64-debian-clang 0.7.0 10.46 17.60 28.06 OK
r-devel-linux-x86_64-debian-gcc 0.7.0 0.47 1.80 2.27 ERROR
r-devel-linux-x86_64-fedora-clang 0.7.0 45.79 OK
r-devel-linux-x86_64-fedora-gcc 0.7.0 33.94 OK
r-devel-windows-ix86+x86_64 0.7.0 43.00 34.00 77.00 OK
r-patched-linux-x86_64 0.7.0 7.95 17.54 25.49 OK
r-patched-solaris-x86 0.7.0 73.30 OK
r-release-linux-x86_64 0.7.0 8.31 17.66 25.97 OK
r-release-macos-x86_64 0.7.0 OK
r-release-windows-ix86+x86_64 0.7.0 42.00 34.00 76.00 OK
r-oldrel-macos-x86_64 0.7.0 OK
r-oldrel-windows-ix86+x86_64 0.7.0 41.00 38.00 79.00 OK

Check Details

Version: 0.7.0
Check: whether package can be installed
Result: ERROR
    Installation failed.
Flavor: r-devel-linux-x86_64-debian-gcc