CRAN Package Check Results for Package Rpoppler

Last updated on 2020-10-28 05:48:44 CET.

Flavor Version Tinstall Tcheck Ttotal Status Flags
r-devel-linux-x86_64-debian-clang 0.1-0 6.27 21.44 27.71 OK
r-devel-linux-x86_64-debian-gcc 0.1-0 3.96 17.03 20.99 OK
r-devel-linux-x86_64-fedora-clang 0.1-0 44.76 OK
r-devel-linux-x86_64-fedora-gcc 0.1-0 34.40 OK
r-patched-linux-x86_64 0.1-0 OK
r-patched-solaris-x86 0.1-0 48.90 OK
r-release-linux-x86_64 0.1-0 5.35 20.82 26.17 OK
r-release-macos-x86_64 0.1-0 ERROR
r-oldrel-macos-x86_64 0.1-0 ERROR

Check Details

Version: 0.1-0
Check: whether package can be installed
Result: ERROR
    Installation failed.
Flavors: r-release-macos-x86_64, r-oldrel-macos-x86_64