CRAN Package Check Results for Package Rpoppler

Last updated on 2020-02-29 01:51:20 CET.

Flavor Version Tinstall Tcheck Ttotal Status Flags
r-devel-linux-x86_64-debian-clang 0.1-0 6.99 20.46 27.45 OK
r-devel-linux-x86_64-debian-gcc 0.1-0 3.78 16.29 20.07 OK
r-devel-linux-x86_64-fedora-clang 0.1-0 34.70 OK
r-devel-linux-x86_64-fedora-gcc 0.1-0 32.37 OK
r-patched-linux-x86_64 0.1-0 4.63 19.11 23.74 OK
r-patched-solaris-x86 0.1-0 48.60 OK
r-release-linux-x86_64 0.1-0 4.54 19.02 23.56 OK
r-release-osx-x86_64 0.1-0 ERROR
r-oldrel-osx-x86_64 0.1-0 ERROR

Additional issues

valgrind

Check Details

Version: 0.1-0
Check: whether package can be installed
Result: ERROR
    Installation failed.
Flavors: r-release-osx-x86_64, r-oldrel-osx-x86_64