CRAN Package Check Results for Package RcmdrPlugin.temis

Last updated on 2020-08-04 09:48:37 CEST.

Flavor Version Tinstall Tcheck Ttotal Status Flags
r-devel-linux-x86_64-debian-clang 0.7.10 27.88 156.44 184.32 NOTE
r-devel-linux-x86_64-debian-gcc 0.7.10 21.37 116.62 137.99 NOTE
r-devel-linux-x86_64-fedora-clang 0.7.10 231.79 NOTE
r-devel-linux-x86_64-fedora-gcc 0.7.10 218.82 NOTE
r-devel-windows-ix86+x86_64 0.7.10 77.00 156.00 233.00 NOTE
r-patched-linux-x86_64 0.7.10 18.49 152.95 171.44 NOTE
r-patched-solaris-x86 0.7.10 336.50 NOTE
r-release-linux-x86_64 0.7.10 24.32 152.44 176.76 NOTE
r-release-macos-x86_64 0.7.10 NOTE
r-release-windows-ix86+x86_64 0.7.10 52.00 176.00 228.00 NOTE
r-oldrel-macos-x86_64 0.7.10 NOTE
r-oldrel-windows-ix86+x86_64 0.7.10 40.00 139.00 179.00 NOTE

Check Details

Version: 0.7.10
Check: package dependencies
Result: NOTE
    Package suggested but not available for checking: 'ROpenOffice'
Flavors: r-devel-linux-x86_64-debian-clang, r-devel-linux-x86_64-debian-gcc, r-devel-linux-x86_64-fedora-clang, r-devel-linux-x86_64-fedora-gcc, r-devel-windows-ix86+x86_64, r-patched-linux-x86_64, r-patched-solaris-x86, r-release-linux-x86_64, r-release-macos-x86_64, r-release-windows-ix86+x86_64, r-oldrel-macos-x86_64, r-oldrel-windows-ix86+x86_64