CRAN Package Check Results for Package RcmdrPlugin.KMggplot2

Last updated on 2020-04-03 17:48:48 CEST.

Flavor Version Tinstall Tcheck Ttotal Status Flags
r-devel-linux-x86_64-debian-clang 0.2-6 23.89 167.65 191.54 OK
r-devel-linux-x86_64-debian-gcc 0.2-6 19.83 128.80 148.63 OK
r-devel-linux-x86_64-fedora-clang 0.2-6 246.01 OK
r-devel-linux-x86_64-fedora-gcc 0.2-6 248.78 OK
r-devel-windows-ix86+x86_64 0.2-6 50.00 164.00 214.00 OK
r-devel-windows-ix86+x86_64-gcc8 0.2-6 56.00 196.00 252.00 OK
r-patched-linux-x86_64 0.2-6 23.43 161.25 184.68 OK
r-patched-solaris-x86 0.2-6 374.40 OK
r-release-linux-x86_64 0.2-6 20.00 151.78 171.78 OK
r-release-windows-ix86+x86_64 0.2-6 42.00 172.00 214.00 OK
r-release-osx-x86_64 0.2-6 WARN
r-oldrel-windows-ix86+x86_64 0.2-6 52.00 175.00 227.00 OK
r-oldrel-osx-x86_64 0.2-6 WARN

Check Details

Version: 0.2-6
Check: dependencies in R code
Result: NOTE
    No protocol specified
    No protocol specified
Flavors: r-release-osx-x86_64, r-oldrel-osx-x86_64

Version: 0.2-6
Check: S3 generic/method consistency
Result: WARN
    No protocol specified
    No protocol specified
    See section ‘Generic functions and methods’ in the ‘Writing R
    Extensions’ manual.
Flavors: r-release-osx-x86_64, r-oldrel-osx-x86_64

Version: 0.2-6
Check: replacement functions
Result: WARN
    No protocol specified
    No protocol specified
    The argument of a replacement function which corresponds to the right
    hand side must be named ‘value’.
Flavors: r-release-osx-x86_64, r-oldrel-osx-x86_64

Version: 0.2-6
Check: foreign function calls
Result: NOTE
    No protocol specified
    No protocol specified
    See chapter ‘System and foreign language interfaces’ in the ‘Writing R
    Extensions’ manual.
Flavors: r-release-osx-x86_64, r-oldrel-osx-x86_64

Version: 0.2-6
Check: R code for possible problems
Result: NOTE
    No protocol specified
    No protocol specified
Flavors: r-release-osx-x86_64, r-oldrel-osx-x86_64

Version: 0.2-6
Check: for missing documentation entries
Result: WARN
    No protocol specified
    No protocol specified
    All user-level objects in a package should have documentation entries.
    See chapter ‘Writing R documentation files’ in the ‘Writing R
    Extensions’ manual.
Flavors: r-release-osx-x86_64, r-oldrel-osx-x86_64

Version: 0.2-6
Check: for code/documentation mismatches
Result: WARN
    No protocol specified
    No protocol specified
    No protocol specified
    No protocol specified
    No protocol specified
    No protocol specified
Flavors: r-release-osx-x86_64, r-oldrel-osx-x86_64

Version: 0.2-6
Check: Rd \usage sections
Result: NOTE
    No protocol specified
    No protocol specified
    The \usage entries for S3 methods should use the \method markup and not
    their full name.
    See chapter ‘Writing R documentation files’ in the ‘Writing R
    Extensions’ manual.
Flavors: r-release-osx-x86_64, r-oldrel-osx-x86_64