CRAN Package Check Results for Package RSCABS

Last updated on 2020-10-24 17:48:51 CEST.

Flavor Version Tinstall Tcheck Ttotal Status Flags
r-devel-linux-x86_64-debian-clang 0.9.5 7.32 64.40 71.72 OK
r-devel-linux-x86_64-debian-gcc 0.9.5 5.97 51.12 57.09 OK
r-devel-linux-x86_64-fedora-clang 0.9.5 97.22 OK
r-devel-linux-x86_64-fedora-gcc 0.9.5 88.56 OK
r-devel-windows-ix86+x86_64 0.9.5 14.00 85.00 99.00 OK
r-patched-linux-x86_64 0.9.5 7.25 61.83 69.08 OK
r-patched-solaris-x86 0.9.5 142.50 OK
r-release-linux-x86_64 0.9.5 7.64 61.07 68.71 OK
r-release-macos-x86_64 0.9.5 OK
r-release-windows-ix86+x86_64 0.9.5 11.00 66.00 77.00 OK
r-oldrel-macos-x86_64 0.9.5 ERROR
r-oldrel-windows-ix86+x86_64 0.9.5 12.00 82.00 94.00 OK

Check Details

Version: 0.9.5
Check: package dependencies
Result: ERROR
    Package required but not available: ‘gWidgets2RGtk2’
    
    See section ‘The DESCRIPTION file’ in the ‘Writing R Extensions’
    manual.
Flavor: r-oldrel-macos-x86_64