CRAN Package Check Results for Package R2HTML

Last updated on 2020-09-22 02:17:28 CEST.

Flavor Version Tinstall Tcheck Ttotal Status Flags
r-devel-linux-x86_64-debian-clang 2.3.2 7.56 42.13 49.69 NOTE
r-devel-linux-x86_64-debian-gcc 2.3.2 5.39 32.20 37.59 NOTE
r-devel-linux-x86_64-fedora-clang 2.3.2 70.11 NOTE
r-devel-linux-x86_64-fedora-gcc 2.3.2 60.58 NOTE
r-devel-windows-ix86+x86_64 2.3.2 13.00 52.00 65.00 OK
r-patched-linux-x86_64 2.3.2 6.39 42.32 48.71 NOTE
r-patched-solaris-x86 2.3.2 77.20 NOTE
r-release-linux-x86_64 2.3.2 7.77 41.91 49.68 NOTE
r-release-macos-x86_64 2.3.2 OK
r-release-windows-ix86+x86_64 2.3.2 14.00 44.00 58.00 OK
r-oldrel-macos-x86_64 2.3.2 OK
r-oldrel-windows-ix86+x86_64 2.3.2 9.00 50.00 59.00 OK

Check Details

Version: 2.3.2
Check: for non-standard things in the check directory
Result: NOTE
    Found the following files/directories:
     'output.html'
Flavors: r-devel-linux-x86_64-debian-clang, r-devel-linux-x86_64-debian-gcc, r-devel-linux-x86_64-fedora-clang, r-devel-linux-x86_64-fedora-gcc, r-patched-linux-x86_64, r-patched-solaris-x86, r-release-linux-x86_64