CRAN Package Check Results for Package MDSMap

Last updated on 2020-10-24 17:48:45 CEST.

Flavor Version Tinstall Tcheck Ttotal Status Flags
r-devel-linux-x86_64-debian-clang 1.1 15.14 162.02 177.16 OK
r-devel-linux-x86_64-debian-gcc 1.1 13.35 123.78 137.13 OK
r-devel-linux-x86_64-fedora-clang 1.1 219.04 OK
r-devel-linux-x86_64-fedora-gcc 1.1 209.68 OK
r-devel-windows-ix86+x86_64 1.1 37.00 162.00 199.00 OK
r-patched-linux-x86_64 1.1 14.23 152.41 166.64 OK
r-patched-solaris-x86 1.1 321.80 OK
r-release-linux-x86_64 1.1 12.58 151.62 164.20 OK
r-release-macos-x86_64 1.1 OK
r-release-windows-ix86+x86_64 1.1 30.00 144.00 174.00 OK
r-oldrel-macos-x86_64 1.1 WARN
r-oldrel-windows-ix86+x86_64 1.1 31.00 183.00 214.00 OK

Check Details

Version: 1.1
Check: whether package can be installed
Result: WARN
    Found the following significant warnings:
     Warning: 'rgl_init' failed, running with rgl.useNULL = TRUE
Flavor: r-oldrel-macos-x86_64