CRAN Package Check Results for Package KoNLP

Last updated on 2020-01-21 13:49:16 CET.

Flavor Version Tinstall Tcheck Ttotal Status Flags
r-devel-linux-x86_64-debian-clang 0.80.2 12.70 87.29 99.99 OK
r-devel-linux-x86_64-debian-gcc 0.80.2 9.95 63.33 73.28 OK
r-devel-linux-x86_64-fedora-clang 0.80.2 131.25 NOTE
r-devel-linux-x86_64-fedora-gcc 0.80.2 114.66 NOTE
r-devel-windows-ix86+x86_64 0.80.2 41.00 143.00 184.00 OK
r-devel-windows-ix86+x86_64-gcc8 0.80.2 39.00 143.00 182.00 OK
r-patched-linux-x86_64 0.80.2 10.69 72.18 82.87 OK
r-patched-solaris-x86 0.80.2 160.70 OK
r-release-linux-x86_64 0.80.2 10.46 72.82 83.28 OK
r-release-windows-ix86+x86_64 0.80.2 35.00 135.00 170.00 OK
r-release-osx-x86_64 0.80.2 OK
r-oldrel-windows-ix86+x86_64 0.80.1 14.00 81.00 95.00 NOTE
r-oldrel-osx-x86_64 0.80.2 OK

Check Details

Version: 0.80.2
Check: for non-standard things in the check directory
Result: NOTE
    Found the following files/directories:
     ‘KoNLP_dic’
Flavors: r-devel-linux-x86_64-fedora-clang, r-devel-linux-x86_64-fedora-gcc

Version: 0.80.1
Check: installed package size
Result: NOTE
     installed size is 6.4Mb
     sub-directories of 1Mb or more:
     java 6.0Mb
Flavor: r-oldrel-windows-ix86+x86_64