CRAN Package Check Results for Package IFC

Last updated on 2020-11-28 04:48:26 CET.

Flavor Version Tinstall Tcheck Ttotal Status Flags
r-devel-linux-x86_64-debian-clang 0.0.9 114.17 89.34 203.51 NOTE
r-devel-linux-x86_64-debian-gcc 0.0.9 118.19 67.46 185.65 NOTE
r-devel-linux-x86_64-fedora-clang 0.0.9 248.94 NOTE
r-devel-linux-x86_64-fedora-gcc 0.0.9 225.72 NOTE
r-devel-windows-ix86+x86_64 0.0.9 202.00 102.00 304.00 NOTE
r-patched-linux-x86_64 0.0.9 139.35 83.83 223.18 NOTE
r-patched-solaris-x86 0.0.9 219.30 NOTE
r-release-linux-x86_64 0.0.9 137.94 85.47 223.41 NOTE
r-release-macos-x86_64 0.0.9 NOTE
r-release-windows-ix86+x86_64 0.0.9 200.00 102.00 302.00 NOTE
r-oldrel-macos-x86_64 0.0.9 NOTE
r-oldrel-windows-ix86+x86_64 0.0.9 191.00 100.00 291.00 NOTE

Check Details

Version: 0.0.9
Check: package dependencies
Result: NOTE
    Package suggested but not available for checking: 'IFCdata'
Flavors: r-devel-linux-x86_64-debian-clang, r-devel-linux-x86_64-debian-gcc, r-devel-linux-x86_64-fedora-clang, r-devel-linux-x86_64-fedora-gcc, r-devel-windows-ix86+x86_64, r-patched-linux-x86_64, r-patched-solaris-x86, r-release-linux-x86_64, r-release-macos-x86_64, r-release-windows-ix86+x86_64, r-oldrel-macos-x86_64, r-oldrel-windows-ix86+x86_64

Version: 0.0.9
Check: installed package size
Result: NOTE
     installed size is 5.6Mb
     sub-directories of 1Mb or more:
     libs 4.6Mb
Flavor: r-devel-linux-x86_64-fedora-clang