CRAN Package Check Results for Package HistData

Last updated on 2020-11-28 04:48:26 CET.

Flavor Version Tinstall Tcheck Ttotal Status Flags
r-devel-linux-x86_64-debian-clang 0.8-6 3.07 55.53 58.60 NOTE
r-devel-linux-x86_64-debian-gcc 0.8-6 2.30 41.41 43.71 NOTE
r-devel-linux-x86_64-fedora-clang 0.8-6 77.26 NOTE
r-devel-linux-x86_64-fedora-gcc 0.8-6 69.87 NOTE
r-devel-windows-ix86+x86_64 0.8-6 6.00 77.00 83.00 OK
r-patched-linux-x86_64 0.8-6 3.10 52.41 55.51 NOTE
r-patched-solaris-x86 0.8-6 94.40 NOTE
r-release-linux-x86_64 0.8-6 3.11 52.58 55.69 NOTE
r-release-macos-x86_64 0.8-6 OK
r-release-windows-ix86+x86_64 0.8-6 7.00 58.00 65.00 OK
r-oldrel-macos-x86_64 0.8-6 OK
r-oldrel-windows-ix86+x86_64 0.8-6 5.00 68.00 73.00 OK

Check Details

Version: 0.8-6
Check: Rd cross-references
Result: NOTE
    Unknown package 'alr3' in Rd xrefs
Flavors: r-devel-linux-x86_64-debian-clang, r-devel-linux-x86_64-debian-gcc, r-devel-linux-x86_64-fedora-gcc, r-patched-linux-x86_64, r-patched-solaris-x86, r-release-linux-x86_64

Version: 0.8-6
Check: Rd cross-references
Result: NOTE
    Undeclared packages ‘Guerry’, ‘alr3’, ‘agridat’, ‘coin’ in Rd xrefs
    Unknown package ‘alr3’ in Rd xrefs
Flavor: r-devel-linux-x86_64-fedora-clang