CRAN Package Check Results for Package HTMLUtils

Last updated on 2020-10-24 17:48:43 CEST.

Flavor Version Tinstall Tcheck Ttotal Status Flags
r-devel-linux-x86_64-debian-clang 0.1.7 2.48 24.77 27.25 NOTE
r-devel-linux-x86_64-debian-gcc 0.1.7 1.95 18.89 20.84 NOTE
r-devel-linux-x86_64-fedora-clang 0.1.7 40.12 NOTE
r-devel-linux-x86_64-fedora-gcc 0.1.7 30.47 NOTE
r-devel-windows-ix86+x86_64 0.1.7 5.00 36.00 41.00 NOTE
r-patched-linux-x86_64 0.1.7 2.32 23.05 25.37 NOTE
r-patched-solaris-x86 0.1.7 47.90 NOTE
r-release-linux-x86_64 0.1.7 2.22 23.23 25.45 NOTE
r-release-macos-x86_64 0.1.7 NOTE
r-release-windows-ix86+x86_64 0.1.7 4.00 31.00 35.00 NOTE
r-oldrel-macos-x86_64 0.1.7 NOTE
r-oldrel-windows-ix86+x86_64 0.1.7 4.00 29.00 33.00 NOTE

Check Details

Version: 0.1.7
Check: R code for possible problems
Result: NOTE
    BasicHTML: no visible global function definition for 'png'
    BasicHTML: no visible global function definition for 'dev.list'
    BasicHTML: no visible global function definition for 'dev.off'
    FramedHTML: no visible global function definition for 'graphics.off'
    Undefined global functions or variables:
     dev.list dev.off graphics.off png
    Consider adding
     importFrom("grDevices", "dev.list", "dev.off", "graphics.off", "png")
    to your NAMESPACE file.
Flavors: r-devel-linux-x86_64-debian-clang, r-devel-linux-x86_64-debian-gcc, r-devel-linux-x86_64-fedora-clang, r-devel-linux-x86_64-fedora-gcc, r-devel-windows-ix86+x86_64, r-patched-linux-x86_64, r-patched-solaris-x86, r-release-linux-x86_64, r-release-macos-x86_64, r-release-windows-ix86+x86_64, r-oldrel-macos-x86_64, r-oldrel-windows-ix86+x86_64