CRAN Package Check Results for Package GetR

Last updated on 2020-05-31 02:47:26 CEST.

Flavor Version Tinstall Tcheck Ttotal Status Flags
r-devel-linux-x86_64-debian-clang 0.1 7.69 61.24 68.93 NOTE
r-devel-linux-x86_64-debian-gcc 0.1 7.09 48.41 55.50 NOTE
r-devel-linux-x86_64-fedora-clang 0.1 92.14 NOTE
r-devel-linux-x86_64-fedora-gcc 0.1 83.80 NOTE
r-devel-windows-ix86+x86_64 0.1 22.00 92.00 114.00 NOTE
r-patched-linux-x86_64 0.1 6.65 61.60 68.25 NOTE
r-patched-solaris-x86 0.1 130.10 NOTE
r-release-linux-x86_64 0.1 7.91 60.80 68.71 NOTE
r-release-osx-x86_64 0.1 NOTE
r-release-windows-ix86+x86_64 0.1 16.00 73.00 89.00 NOTE
r-oldrel-osx-x86_64 0.1 NOTE
r-oldrel-windows-ix86+x86_64 0.1 16.00 73.00 89.00 NOTE

Check Details

Version: 0.1
Check: dependencies in R code
Result: NOTE
    'library' or 'require' call to 'party' which was already attached by Depends.
     Please remove these calls from your code.
    Package in Depends field not imported from: 'party'
     These packages need to be imported from (in the NAMESPACE file)
     for when this namespace is loaded but not attached.
Flavors: r-devel-linux-x86_64-debian-clang, r-devel-linux-x86_64-debian-gcc, r-devel-linux-x86_64-fedora-clang, r-devel-linux-x86_64-fedora-gcc, r-devel-windows-ix86+x86_64, r-patched-linux-x86_64, r-patched-solaris-x86, r-release-linux-x86_64, r-release-osx-x86_64, r-release-windows-ix86+x86_64, r-oldrel-osx-x86_64, r-oldrel-windows-ix86+x86_64

Version: 0.1
Check: R code for possible problems
Result: NOTE
    gTree: no visible global function definition for 'ctree'
    gTree: no visible global function definition for 'ctree_control'
    guttmanErrors: no visible global function definition for 'runif'
    Undefined global functions or variables:
     ctree ctree_control runif
    Consider adding
     importFrom("stats", "runif")
    to your NAMESPACE file.
Flavors: r-devel-linux-x86_64-debian-clang, r-devel-linux-x86_64-debian-gcc, r-devel-linux-x86_64-fedora-clang, r-devel-linux-x86_64-fedora-gcc, r-devel-windows-ix86+x86_64, r-patched-linux-x86_64, r-patched-solaris-x86, r-release-linux-x86_64, r-release-osx-x86_64, r-release-windows-ix86+x86_64, r-oldrel-osx-x86_64, r-oldrel-windows-ix86+x86_64