CRAN Package Check Results for Package Anthropometry

Last updated on 2020-11-28 04:48:18 CET.

Flavor Version Tinstall Tcheck Ttotal Status Flags
r-devel-linux-x86_64-debian-clang 1.14 15.33 127.80 143.13 OK
r-devel-linux-x86_64-debian-gcc 1.14 13.15 97.92 111.07 OK
r-devel-linux-x86_64-fedora-clang 1.14 179.68 OK
r-devel-linux-x86_64-fedora-gcc 1.14 171.88 OK
r-devel-windows-ix86+x86_64 1.14 31.00 208.00 239.00 OK
r-patched-linux-x86_64 1.14 16.64 122.64 139.28 OK
r-patched-solaris-x86 1.14 218.30 OK
r-release-linux-x86_64 1.14 15.85 123.08 138.93 OK
r-release-macos-x86_64 1.14 OK
r-release-windows-ix86+x86_64 1.14 25.00 158.00 183.00 OK
r-oldrel-macos-x86_64 1.14 WARN
r-oldrel-windows-ix86+x86_64 1.14 23.00 203.00 226.00 OK

Check Details

Version: 1.14
Check: whether package can be installed
Result: WARN
    Found the following significant warnings:
     Warning: 'rgl.init' failed, running with 'rgl.useNULL = TRUE'.
Flavor: r-oldrel-macos-x86_64